are the prime factors of 293668?
2, 73417
List the prime factors of 1990831.
1990831
List the prime factors of 752625.
3, 5, 223
List the prime factors of 8474635.
5, 13, 130379
List the prime factors of 541883.
103, 5261
List the prime factors of 149514.
2, 3, 24919
What are the prime factors of 6723116?
2, 1680779
List the prime factors of 837217.
31, 113, 239
List the prime factors of 1122977.
379, 2963
List the prime factors of 17857379.
17857379
What are the prime factors of 652562?
2, 17, 1129
What are the prime factors of 1853208?
2, 3, 7, 3677
List the prime factors of 4593867.
3, 751, 2039
What are the prime factors of 154627?
11, 14057
What are the prime factors of 2018229?
3, 672743
What are the prime factors of 43756?
2, 10939
List the prime factors of 425574.
2, 3, 37, 71
List the prime factors of 1348584.
2, 3, 83, 677
What are the prime factors of 6728146?
2, 83, 40531
List the prime factors of 8287119.
3, 920791
List the prime factors of 49455.
3, 5, 7, 157
List the prime factors of 73343.
71, 1033
What are the prime factors of 82596?
2, 3, 6883
List the prime factors of 704749.
41, 17189
What are the prime factors of 4837360?
2, 5, 11, 23, 239
List the prime factors of 717929.
31, 23159
What are the prime factors of 508802?
2, 7, 36343
List the prime factors of 1220368.
2, 89, 857
What are the prime factors of 616392?
2, 3, 7, 1223
What are the prime factors of 133219?
101, 1319
What are the prime factors of 7923277?
7923277
What are the prime factors of 4940810?
2, 5, 7, 70583
List the prime factors of 5794486.
2, 331, 8753
What are the prime factors of 323890?
2, 5, 7, 661
List the prime factors of 149912.
2, 7, 2677
What are the prime factors of 18386367?
3, 17, 349, 1033
What are the prime factors of 3493?
7, 499
What are the prime factors of 10441128?
2, 3, 17, 157, 163
What are the prime factors of 19597599?
3, 7, 14813
List the prime factors of 49688.
2, 6211
What are the prime factors of 525550?
2, 5, 23, 457
What are the prime factors of 627016?
2, 13, 6029
What are the prime factors of 2816834?
2, 1408417
What are the prime factors of 7240992?
2, 3, 11, 6857
What are the prime factors of 79320?
2, 3, 5, 661
What are the prime factors of 25526?
2, 12763
List the prime factors of 271818.
2, 3, 15101
What are the prime factors of 155983?
151, 1033
What are the prime factors of 15077735?
5, 19, 43, 3691
List the prime factors of 5042795.
5, 17, 41, 1447
List the prime factors of 4217261.
59, 71479
List the prime factors of 1110910.
2, 5, 111091
What are the prime factors of 3735910?
2, 5, 79, 4729
What are the prime factors of 539238?
2, 3, 7, 37, 347
What are the prime factors of 17913?
3, 7, 853
List the prime factors of 1483314.
2, 3, 7, 35317
What are the prime factors of 1188586?
2, 7, 73, 1163
List the prime factors of 15632637.
3, 283, 18413
What are the prime factors of 645515?
5, 13, 9931
List the prime factors of 356073.
3, 118691
List the prime factors of 124349.
124349
What are the prime factors of 4651406?
2, 2325703
List the prime factors of 8006280.
2, 3, 5, 137, 487
List the prime factors of 3481861.
821, 4241
What are the prime factors of 13173679?
13173679
List the prime factors of 229341.
3, 7, 67, 163
List the prime factors of 238920.
2, 3, 5, 11, 181
What are the prime factors of 2684683?
37, 72559
What are the prime factors of 231997?
101, 2297
What are the prime factors of 128137?
97, 1321
List the prime factors of 5576836.
2, 1394209
List the prime factors of 943369.
7, 19, 41, 173
List the prime factors of 5178267.
3, 457, 1259
What are the prime factors of 870816?
2, 3, 47, 193
What are the prime factors of 22155236?
2, 47, 191, 617
List the prime factors of 3453084.
2, 3, 31973
What are the prime factors of 13968846?
2, 3, 776047
What are the prime factors of 280400?
2, 5, 701
What are the prime factors of 925234?
2, 263, 1759
What are the prime factors of 167889?
3, 191, 293
What are the prime factors of 2260952?
2, 409, 691
List the prime factors of 9261.
3, 7
List the prime factors of 1134976.
2, 8867
What are the prime factors of 1587499?
1587499
What are the prime factors of 19748851?
431, 45821
List the prime factors of 365834.
2, 7, 3733
What are the prime factors of 227953?
11, 17, 23, 53
What are the prime factors of 24200?
2, 5, 11
What are the prime factors of 994690?
2, 5, 99469
List the prime factors of 1795512.
2, 3, 79, 947
List the prime factors of 129499.
129499
What are the prime factors of 1155785?
5, 139, 1663
What are the prime factors of 329621?
113, 2917
What are the prime factors of 6172499?
6172499
List the prime factors of 4594.
2, 2297
List the prime factors of 1824608.
2, 19, 3001
List the prime factors of 156657.
3, 79, 661
List the prime factors of 801373.
199, 4027
List the prime factors of 311273.
97, 3209
List the prime factors of 8491075.
5, 17, 19979
List the prime factors of 313732.
2, 41, 1913
List the prime factors of 13182688.
2, 31, 97, 137
List the prime factors of 744099.
3, 248033
List the prime factors of 2070782.
2, 7, 23, 59, 109
List the prime factors of 647232.
2, 3, 3371
What are the prime factors of 237079?
79, 3001
List the prime factors of 188104.
2, 7, 3359
What are the prime factors of 8099599?
17, 131, 3637
List the prime factors of 122509.
122509
What are the prime factors of 1242705?
3, 5, 82847
List the prime factors of 9834876.
2, 3, 257, 1063
List the prime factors of 2445713.
2445713
List the prime factors of 10384690.
2, 5, 31, 139, 241
What are the prime factors of 13155737?
7, 1879391
List the prime factors of 124407.
3, 23, 601
List the prime factors of 164616.
2, 3, 19
What are the prime factors of 3566625?
3, 5, 9511
List the prime factors of 2029627.
229, 8863
What are the prime factors of 12963478?
2, 11, 107, 5507
List the prime factors of 12851989.
431, 29819
List the prime factors of 770969.
37, 67, 311
List the prime factors of 5453013.
3, 71, 25601
List the prime factors of 369430.
2, 5, 36943
What are the prime factors of 322977?
3, 199, 541
What are the prime factors of 3907381?
283, 13807
List the prime factors of 2372931.
3, 11, 2179
What are the prime factors of 1326120?
2, 3, 5, 43, 257
List the prime factors of 273384.
2, 3, 3797
What are the prime factors of 5906035?
5, 661, 1787
List the prime factors of 271993.
101, 2693
List the prime factors of 4819318.
2, 7, 344237
What are the prime factors of 141308?
2, 35327
What are the prime factors of 34638836?
2, 769, 11261
List the prime factors of 2732190.
2, 3, 5, 61, 1493
What are the prime factors of 209193?
3, 103, 677
What are the prime factors of 58888?
2, 17, 433
What are the prime factors of 1850835?
3, 5, 7, 17627
What are the prime factors of 6478294?
2, 43, 75329
What are the prime factors of 160100?
2, 5, 1601
What are the prime factors of 270801?
3, 30089
List the prime factors of 1015015.
5, 43, 4721
What are the prime factors of 842430?
2, 3, 5, 28081
List the prime factors of 396820.
2, 5, 19841
What are the prime factors of 2773071?
3, 7, 44017
What are the prime factors of 356135?
5, 13, 5479
What are the prime factors of 3248191?
251, 12941
List the prime factors of 20772692.
2, 271, 19163
What are the prime factors of 494109?
3, 7, 11, 23, 31
What are the prime factors of 9742921?
17, 277, 2069
List the prime factors of 1188304.
2, 13, 29, 197
What are the prime factors of 148416?
2, 3, 773
List the prime factors of 2155614.
2, 3, 277, 1297
What are the prime factors of 1768115?
5, 199, 1777
List the prime factors of 1805640.
2, 3, 5, 41, 367
List the prime factors of 181196.
2, 97, 467
List the prime factors of 9624737.
17, 566161
List the prime factors of 1156887.
3, 191, 673
What are the prime factors of 146794?
2, 19, 3863
What are the prime factors of 3587293?
73, 157, 313
What are the prime factors of 2500331?
2500331
What are the prime factors of 1915327?
1213, 1579
What are the prime factors of 1271017?
11, 115547
List the prime factors of 307616.
2, 9613
What are the prime factors of 31179989?
17, 1834117
What are the prime factors of 84115?
5, 16823
What are the prime factors of 36113?
7, 11, 67
What are the prime factors of 103630?
2, 5, 43, 241
What are the prime factors of 1369491?
3, 227, 2011
List the prime factors of 1069761.
